 (7/(-21))/(1/33). Let u(d) = -2*d - 16. Suppose 3*m + 2*y = 70, 0*y = -5*m - 4*y + 118. Calculate the remainder when m is divided by u(s).
4
Suppose 5*k - 20 = -4*y, -3*y - k = -6 - 9. Suppose 5*q + 7 = 17. What is the remainder when y is divided by q?
1
Let y(z) = -7*z - 3. Let x = -152 + 158. What is the remainder when y(-2) is divided by x?
5
Let n(w) = w**3 + 5*w**2 + 3*w. Let v be n(-4). Let h be (v/3)/(2/30). Suppose -j + h = 3*j + 3*g, -3*g = 12. What is the remainder when 15 is divided by j?
7
Suppose -13 = -2*w + 1. Calculate the remainder when w is divided by 5.
2
Let z(n) = n + 2. What is the remainder when 8 is divided by z(0)?
0
Suppose -6*u - 48 = -2*u. Let v = 22 + u. Calculate the remainder when -87*3/9*-1 is divided by v.
9
Let v(k) = -3*k**3 - 12*k**2 - 5*k + 6. Let p(s) = s**3 + s**2 + s + 1. Let n(u) = 4*p(u) + v(u). What is the remainder when 4 is divided by n(8)?
0
Suppose -6*l = -0*l - 54. Calculate the remainder when 22 is divided by l.
4
Let g(h) be the second derivative of h**4/12 - h. What is the remainder when (18/27)/(2/78) is divided by g(3)?
8
Suppose -2*x = -0*x + 2. What is the remainder when (0 + -17 - 0)/x is divided by 9?
8
Let p = -29 + 48. Calculate the remainder when 35 is divided by p.
16
Let t(v) = v**3 - 16*v**2 + v - 9. Let d be t(16). Suppose -2*h - d = -25. Calculate the remainder when 34 is divided by h.
7
Let w be (4/(-12))/((-2)/24). Let g be 40/12 + w/6. Suppose h + 0 = g. Calculate the remainder when 9 is divided by h.
1
Let p = -64 + 43. Let t(r) = r**2 + 6. Let c be t(5). Let a = p + c. Calculate the remainder when 38 is divided by a.
8
Suppose -2 = g - 4. Suppose -4*j + 7 = -5*j. Let z = g - j. What is the remainder when z is divided by 5?
4
Suppose 3*f - 50 = 3*u - 2, -3*u = 0. What is the remainder when 59 is divided by f?
11
Suppose -r + 2 = -3. Suppose -19 + 49 = r*w. Suppose a - 44 = -w. What is the remainder when a is divided by 20?
18
Suppose -2*j + 3 = -j. Let x(o) = -o**2 + 2*o + 3. Let s be x(j). Suppose 2*a = 3*i - 68, s*a + 80 = 5*i + 5*a. Calculate the remainder when i is divided by 11.
9
Suppose 6*w = w + 20. Calculate the remainder when w is divided by 2.
0
Let i(w) = w**2 + 2*w + 119. What is the remainder when i(0) is divided by 12?
11
Suppose 0*u - 4*u = -40. Let f(n) = -n. Let b be f(4). Let o = u - b. What is the remainder when 26 is divided by o?
12
Let t(h) = h**2 - 2*h - 9. What is the remainder when t(-7) is divided by 7?
5
Let h(f) = f**2 - 8*f. Let o be h(8). What is the remainder when (12 + o)/(9/24) is divided by 17?
15
Let k(g) be the third derivative of -g**4/24 + 2*g**3 + 2*g**2. What is the remainder when 33 is divided by k(0)?
9
Suppose 106 = 3*h - h - 4*c, 2*c - 106 = -2*h. What is the remainder when h is divided by 26?
1
Let x = -1 - -7. Let t = x - -1. What is the remainder when t is divided by 4?
3
Let p be 1/(-2)*(0 + -6). Let q(w) = -w**2 - 3*w. Let t be q(-2). Suppose 0*a = -t*a - 10, o + 4*a - p = 0. What is the remainder when o is divided by 12?
11
Let x = 17 - 9. Calculate the remainder when 21 is divided by x.
5
Let i be (-1 + -5)*3/3. Calculate the remainder when 4/(0 - 1/i) is divided by 13.
11
Let a be ((-111)/9)/(1/3). Let l = a + 54. Calculate the remainder when 67 is divided by l.
16
Suppose -3*s + 38 + 67 = 0. Suppose 0 = 33*z - s*z + 42. Calculate the remainder when 40 is divided by z.
19
Let l = 16 - 5. Let i be -100*(12/(-5) - -2). Suppose 2*r - i = -0*r. What is the remainder when r is divided by l?
9
Let y(s) = -s**3 - 5*s**2 + 5*s + 10. Calculate the remainder when 46 is divided by y(-6).
14
Let h be 2/1 + -1 + 1. Suppose -h*j + 38 = -2*l - 2*l, -5*j + l + 59 = 0. What is the remainder when 84/18*(-60)/(-14) is divided by j?
9
Let k = -4 - -7. Suppose 17 = 4*q - k*q. What is the remainder when 65 is divided by q?
14
Suppose 4*i = n + n + 110, 2*i = 4*n + 64. Let g(j) = 51*j - 1. What is the remainder when g(2) is divided by i?
23
Suppose 2*f = x + 2*x + 31, 5*x + 25 = 0. Let c = 26 + 13. Calculate the remainder when c is divided by f.
7
Let t = -57 + 91. What is the remainder when t is divided by 9?
7
What is the remainder when 73 is divided by (-1)/((-290)/95 - -3)?
16
Let h(s) = -23*s - 6. Let t be h(8). Let v be t/6 + (-6)/(-9). Let y = v - -54. Calculate the remainder when 44 is divided by y.
21
Suppose -34 + 6 = -4*p. Calculate the remainder when 24 is divided by p.
3
Let c(k) = k**3 - 6*k**2 + 8*k - 3. Let g = -2 + 7. Let h(d) = -34*d**3 - d. Calculate the remainder when h(-1) is divided by c(g).
11
Let g be (-8)/12 + 68/3. Calculate the remainder when 7/(-14) + g/4 is divided by 2.
1
Let w(b) = 4*b**2 - 4*b - 6. Calculate the remainder when w(5) is divided by 25.
24
Let j(c) = -c**3 - c**2 + 3. Let d be j(0). Suppose 3*i + 3*f = 42, 0*i + d*f - 24 = -2*i. What is the remainder when 51 is divided by i?
15
Calculate the remainder when 56 is divided by ((-5)/5 - 0)*29/(-1).
27
Suppose -45 - 3 = -4*l. Let s(u) = -29*u - 7. Let w(z) = -28*z - 8. Let j(v) = 7*s(v) - 6*w(v). Calculate the remainder when j(-1) is divided by l.
10
Let p be 12*(-3 + (-20)/(-6)). What is the remainder when -61*-1*(p - 3) is divided by 16?
13
Let h(w) = -w**3 - 9*w**2 - 10*w - 9. Let j be h(-8). Suppose -5*i + 18 = -j. Calculate the remainder when 18 is divided by i.
3
Suppose -h = -0 - 5. Suppose -2*y - 74 = -h*x, -4*x + 32 = -x + 5*y. Calculate the remainder when 26 is divided by x.
12
Let m(q) = 16*q**3 + 2*q**2 - 1. What is the remainder when 31 is divided by m(1)?
14
Suppose 2*g = -2*g + 20. Calculate the remainder when 12 is divided by g.
2
Let b = -94 + 105. What is the remainder when 31 is divided by b?
9
Suppose -y = -5*y + 68. Suppose 16 + y = 3*h + 2*o, -2*o = 6. What is the remainder when h is divided by 5?
3
Suppose -5*x = -2*x - 405. Suppose -j = 4*j - x. Let h = j + -15. Calculate the remainder when h is divided by 7.
5
Suppose 8 = 2*c + 20. Let q = c + -2. Let k(i) = -i**3 - 6*i**2 + 11*i - 2. Calculate the remainder when k(q) is divided by 10.
8
Let n(v) = 3*v - 2. Suppose w = -3*w + 8. Calculate the remainder when 13 is divided by n(w).
1
What is the remainder when 179 is divided by 108/16 + 10/40?
4
Let b = -5 + 13. Let a = 30 + b. Let w(o) = -o**3 - 6*o**2 - 4*o - 4. What is the remainder when a is divided by w(-6)?
18
Suppose 0 = 2*t + 4*m - 120, -4*m - m - 240 = -4*t. Suppose -3*i = 2*g - 44, -g + 5*g - t = -4*i. Calculate the remainder when 25 is divided by i.
11
Calculate the remainder when 43 is divided by 14 + 3 + -5 + (-3)/1.
7
Let j(z) = -z**2 + 9*z - 3. Let m be 1/(-3) - 102/(-9). Suppose 20 = h - m. Calculate the remainder when h is divided by j(7).
9
Let d be ((-5)/3)/((-2)/(-6)). Let c be 2*1 + 9 + -12. Let v = c - d. Calculate the remainder when 6 is divided by v.
2
Let v(r) = -r**3 - r**2 - r + 1. Suppose -2*u + 3 = -u + f, 0 = -3*u - f + 19. What is the remainder when v(-3) is divided by u?
6
Let l(t) = -t**3 + 10*t**2 + 27*t - 26. Suppose d - 13 = -i, 0*d + 4*d - 88 = 5*i. What is the remainder when d is divided by l(12)?
7
Let y = 121 + -83. What is the remainder when y is divided by 3?
2
Let b = 16 - 5. What is the remainder when 26 is divided by -3 + (-1 + b)/1?
5
Let t = -15 - -41. What is the remainder when 50 is divided by t?
24
Suppose -3*d = 2*p + p - 12, 4*p = 2*d + 22. Suppose c = -3, p*a - 3*a + c = 49. What is the remainder when a is divided by 9?
8
Let n(b) = -b**2 + 8*b + 1. Calculate the remainder when 141 is divided by n(6).
11
Suppose 287*n - 117 = 284*n. What is the remainder when 155 is divided by n?
38
Suppose 47*b = -2*b + 2842. Suppose 34 = 2*m + 4. Calculate the remainder when b is divided by m.
13
Suppose -3*x = 3*b - x + 8, -x = -2*b - 3. Let h(w) = -2*w**3 - 3*w**2 - 4*w - 2. Suppose 2*i = -9 + 21. Calculate the remainder when h(b) is divided by i.
4
Let a = -3 - -7. Suppose a*r - 90 = -r. Calculate the remainder when 2/((-8)/r)*-6 is divided by 15.
12
Suppose 4*b - 3*b = -3*l + 835, 3*l - 855 = 3*b. Suppose -2*c - 3*c + l = 0. Calculate the remainder when c is divided by 20.
16
Let b(j) = j**3 + 5*j**2 - 4*j - 2. Let l(v) = -2*v**2 + 5*v - 2. Let w be l(3). What is the remainder when b(w) is divided by (3/2)/((-6)/(-40))?
8
Suppose 3*q - 6*q = -39. Let w = 25 - q. Suppose 3*s - 35 = -2*s. 